se 7) to base 4
13300311013
-1b98a7 (base 12) to base 11
-307a72
51896 (base 14) to base 7
1445646
What is -5d1c97 (base 15) in base 3?
-22101122122021
What is -43999 (base 11) in base 8?
-174412
Convert -1321023220 (base 5) to base 7.
-40015536
What is 313033 (base 4) in base 2?
110111001111
What is -21200121322 (base 4) in base 10?
-2492026
What is -4433534 (base 6) in base 11?
-142162
Convert 67671 (base 15) to base 9.
551057
Convert 17280a (base 11) to base 5.
32022203
1d8685 (base 16) to base 13
529979
Convert 29424a1 (base 12) to base 9.
16547424
What is -357712 (base 10) in base 4?
-1113111100
What is -377341 (base 13) in base 14?
-26885b
What is 100010110011000111 (base 2) in base 16?
22cc7
129388 (base 12) to base 5
34301032
What is 1143211 (base 5) in base 6?
244213
What is -11320001 (base 7) in base 6?
-33205012
-3033200331 (base 4) to base 3
-1121011221210
What is -2321010 (base 4) in base 7?
-46350
Convert -3b9d6 (base 16) to base 14.
-64db8
What is -5523150 (base 6) in base 8?
-1032012
Convert 50610606 (base 7) to base 12.
14b6a36
What is 13322120 (base 4) in base 5?
2014113
c9fd0 (base 16) to base 9
1500811
33493 (base 14) to base 7
1025443
12121220122202 (base 3) to base 5
1231140413
Convert 51446155 (base 8) to base 16.
a64c6d
a8518 (base 11) to base 2
100110011111110010
-1a4157 (base 12) to base 5
-104311230
Convert -11011000110010010 (base 2) to base 8.
-330622
What is 9d5d5 (base 16) in base 8?
2352725
Convert -211021012021 (base 3) to base 5.
-103011041
What is -20441402 (base 5) in base 14?
-466c5
What is 120311110 (base 4) in base 11?
6a46a
Convert -3778b4 (base 16) to base 11.
-2063351
Convert -20215232 (base 6) to base 16.
-8d164
-11c9b (base 15) to base 11
-39789
43005122 (base 6) to base 12
5097a2
60671 (base 14) to base 6
4545003
-10110001100110111000 (base 2) to base 15
-e583a
What is -6511434 (base 8) in base 11?
-a8a53a
What is 240cd2 (base 14) in base 7?
13320252
Convert -1201012014 (base 5) to base 9.
-5152447
What is -101111101111110000110 (base 2) in base 9?
-2844138
What is -97b (base 16) in base 8?
-4573
What is -10122200013 (base 4) in base 3?
-2011210021120
Convert -11200021101001 (base 3) to base 16.
-25ecb8
8316 (base 15) to base 7
143514
Convert -1000000111001111101000 (base 2) to base 3.
-11000001110021
What is 10001000101111001000 (base 2) in base 12?
230148
What is -202122010002 (base 3) in base 16?
-63278
-2410200 (base 6) to base 16
-1eb58
Convert 88084 (base 9) to base 3.
2222002211
-56012 (base 12) to base 10
-114062
What is 110196 (base 14) in base 4?
2030300320
Convert 11a1339 (base 11) to base 7.
23454231
What is -759450 (base 15) in base 11?
-3185490
-2644473 (base 8) to base 4
-2310210323
Convert -10144233 (base 7) to base 3.
-1121020222010
Convert 1426550 (base 8) to base 3.
202120100002
What is 1000000100000111001111 (base 2) in base 6?
113151011
Convert -1233330105 (base 6) to base 15.
-1404a5b
Convert -32100211022 (base 4) to base 12.
-13031a2
110256145 (base 7) to base 12
2280407
What is -200011122010221 (base 3) in base 9?
-20148127
-21022001210 (base 3) to base 5
-14044121
-200033112 (base 4) to base 5
-13211204
Convert 3000001 (base 5) to base 13.
1844b
1454223 (base 7) to base 16
306e1
What is 433020 (base 7) in base 16?
126d2
-70cc9 (base 13) to base 2
-110001010110001000
Convert -5d57 (base 16) to base 8.
-56527
Convert 41460 (base 10) to base 14.
11176
What is 2020202012121 (base 3) in base 11?
7473a0
Convert 5166215 (base 8) to base 2.
101001110110010001101
-644973 (base 10) to base 13
-197754
Convert -4530253 (base 6) to base 8.
-700171
What is -553421 (base 7) in base 6?
-2030212
What is -22123243 (base 6) in base 12?
-280523
1332200331 (base 4) to base 6
15035033
1010110001010011111101 (base 2) to base 5
1210322141
What is 4cab (base 15) in base 5?
1010421
Convert 56013204 (base 7) to base 15.
6553e6
10020021202110 (base 3) to base 4
12203130330
Convert -1261175 (base 8) to base 16.
-5627d
What is 3a168 (base 15) in base 5?
21422243
What is -20537652 (base 9) in base 15?
-d04502
1113030100 (base 6) to base 8
56357224
What is 31634 (base 7) in base 3?
101210022
481730 (base 12) to base 7
12615360
387132 (base 12) to base 11
581792
What is -1124112 (base 6) in base 8?
-161114
What is -3501550 (base 6) in base 4?
-223301022
What is 2202001120220 (base 3) in base 7?
15250566
-11100100111010111011 (base 2) to base 9
-1678203
-150811 (base 12) to base 16
-5658d
What is -270984 (base 11) in base 13?
-11ba47
What is 644340 (base 10) in base 13?
197388
16462b (base 15) to base 16
107300
1776 (base 9) to base 11
1031
-11332040 (base 5) to base 15
-212d0
-2012012 (base 6) to base 16
-17348
-1004442 (base 7) to base 3
-20001120120
Convert 100600605 (base 7) to base 14.
ac9a3c
365447 (base 10) to base 3
200120022002
1753177 (base 9) to base 6
33000411
Convert -2b951 (base 12) to base 4.
-33012031
-213230353 (base 6) to base 8
-16373275
Convert -24244022 (base 6) to base 3.
-1110000122112
300041321 (base 5) to base 6
41101522
Convert 11222012113 (base 4) to base 14.
2a871d
Convert -22678 (base 16) to base 5.
-14002140
Convert -27d81d (base 14) to base 5.
-323204302
Convert 1010100010101101111 (base 2) to base 11.
216600
-1002212 (base 8) to base 12
-108462
What is -be58b (base 15) in base 10?
-605381
Convert 152114 (base 10) to base 11.
a4316
Convert 12574276 (base 9) to base 12.
20a6336
Convert 313130333 (base 4) to base 9.
375512
110021010111 (base 3) to base 9
407114
Convert 2dc5 (base 16) to base 15.
3712
-6544520 (base 7) to base 14
-16bd80
What is 460775 (base 8) in base 9?
257177
112330445 (base 7) to base 12
237a41b
What is 1001110100101111111 (base 2) in base 13?
b36b0
-30150 (base 12) to base 10
-62412
-105115322 (base 7) to base 6
-344341512
What is 1f1c1 (base 16) in base 5?
13034200
What is -97909 (base 13) in base 4?
-1002320212
Convert -114a30 (base 14) to base 6.
-20343510
What is 1304003 (base 5) in base 16?
639f
What is 22201202102 (base 3) in base 2?
101001111101011010
Convert 1100212012 (base 3) to base 12.
13672
What is -1600d (base 16) in base 5?
-10341000
What is -3666239 (base 12) in base 16?
-a187cd
What is -1bc43 (base 13) in base 6?
-1101431
What is 16114062 (base 7) in base 9?
2822250
Convert 128000 (base 9) to base 14.
205d9
Convert -648195 (base 11) to base 12.
-41b47b
513767 (base 14) to base 6
134400211
Convert 134454 (base 8) to base 10.
47404
What is 34393 (base 15) in base 6?
3321220
What is -10551547 (base 8) in base 7?
-25254030
What is 101110110101010111100111 (base 2) in base 6?
1115050555
Convert 3303240 (base 5) to base 15.
11bea
-837674 (base 11) to base 3
-2112012111120
Convert -1134320 (base 7) to base 16.
-22f58
Convert -3213331 (base 4) to base 9.
-22324
63184 (base 10) to base 15
13ac4
What is 2789576 (base 11) in base 9?
10025657
Convert -104a855 (base 11) to base 9.
-3421113
-143233440 (base 5) to base 6
-24132044
Convert 2014036 (base 9) to base 11.
672782
40524223 (base 6) to base 8
4335667
-11a3169 (base 11) to base 5
-1013130321
Convert 2334344221 (base 5) to base 3.
101010201011200
Convert 121211321102 (base 4) to base 9.
13554682
10100000011101 (base 2) to base 6
115313
What is 6511a (base 14) in base 15?
4c65b
16a559 (base 12) to base 9
655706
-9d822 (base 15) to base 16
-7a654
What is 342553 (base 6) in base 14?
a8a9
What is -70858 (base 9) in base 7?
-252641
1163364 (base 8) to base 15
652cd
7a339 (base 11) to base 6
2253550
Convert 38b77a (base 12) to base 9.
1671124
-1dd0b6 (base 16) to base 5
-1000011344
What is -111110001111001000 (base 2) in base 13?
-8c053
Convert -412442 (base 5) to base 16.
-34b9
What is 236106 (base 7) in base 13?
16704
What is -230878 (base 10) in base 6?
-4540514
What is a55e5 (base 16) in base 7?
5520531
Convert 2b49b0 (base 14) to base 13.
40ba6b
-112130300 (base 4) to base 8
-263460
-2180216 (base 9) to base 7
-12661323
dc7322 (base 14) to base 12
260446a
-524361 (base 8) to base 4
-222203301
Convert -85673 (base 12) to base 16.
-2ad77
-2bbba (base 12) to base 6
-1155554
Convert 66112 (base 9) to base 15.
cec2
Convert -520033 (base 11) to base 5.
-203201243
-aa76b4 (base 12) to base 4
-22111110220
Convert 2a557 (base 16) to base 7.
1321352
-6db8c (base 15) to base 6
-11301240
25475 (base 10) to b